{"id":79,"date":"2020-03-22T07:58:22","date_gmt":"2020-03-22T07:58:22","guid":{"rendered":"http:\/\/demos.artbees.net\/jupiter5\/transportation\/?page_id=79"},"modified":"2020-03-22T07:58:22","modified_gmt":"2020-03-22T07:58:22","slug":"o-nas","status":"publish","type":"page","link":"https:\/\/wypadeksamochodowywaustrii.pl\/index.php\/o-nas\/","title":{"rendered":"O nas"},"content":{"rendered":"<p>\t\t\t\tO NASRzeczoznawca Samochodowy w Austrii<\/p>\n<p class=\"Standard\"><b><span lang=\"DE\" style=\"font-family: 'Calibri',sans-serif;\">Uslugi rzeczoznawcze na terenie Austrii np. w Wiede\u0144,Graz ,Linz ,Salzburg ,Innsbruck ,Tyrol ,Klagenfurt am W\u00f6rthersee ,Villach ,Wels ,Sankt P\u00f6lten<br \/>\n<\/span><\/b><\/p>\n<p class=\"Standard\"><span lang=\"DE\" style=\"font-family: 'Calibri',sans-serif;\">&nbsp;<\/span><span lang=\"DE\" style=\"font-size: 10.5pt; font-family: 'Calibri',sans-serif;\">Rzeczoznawcy samochodowi dzia\u0142aj\u0105cy w <b><span lang=\"DE\" style=\"font-family: 'Calibri',sans-serif;\">Austrii np. w Wiede\u0144,Graz ,Linz ,Salzburg ,Innsbruck ,Tyrol ,Klagenfurt am W\u00f6rthersee ,Villach ,Wels ,Sankt P\u00f6lten <\/span><\/b>to jedni z kilkudziesi\u0119ciu, niezale\u017cnych ekspert\u00f3w motoryzacyjnych, kt\u00f3rych zrzesza siec rzeczoznawc\u00f3w techniki samochodowej MOTOEXPERT. Siec MOTOEXPERT to niemiecka firma, kt\u00f3ra wsp\u00f3\u0142pracuje z rzeczoznawcami z ca\u0142ej Austrii np. w Wiede\u0144,Graz ,Linz ,Salzburg ,Innsbruck ,Tyrol ,Klagenfurt am W\u00f6rthersee ,Villach ,Wels ,Sankt P\u00f6lten<br \/>\n<\/span><\/p>\n<h3><strong>Rzeczoznawcy samochodowi&nbsp; w Austrii np. w Wiede\u0144,Graz ,Linz ,Salzburg ,Innsbruck ,Tyrol ,Klagenfurt am W\u00f6rthersee ,Villach ,Wels ,Sankt P\u00f6lten oferuj\u0105 mi\u0119dzy innymi :<\/strong><\/h3>\n<p>\u2013 opiniowanie szk\u00f3d powypadkowych<\/p>\n<p>\u2013 sporz\u0105dzanie niezale\u017cnych ocen i opinii technicznych<\/p>\n<p>\u2013 wycen\u0119 warto\u015bci pojazd\u00f3w (osobowe, ci\u0119\u017carowe, autobusy, busy, przyczepy, itp.)<\/p>\n<p>\u2013 kalkulacje szk\u00f3d po wypadkach i kolizjach drogowych<\/p>\n<p>\u2013 kalkulacje koszt\u00f3w naprawy uszkodzonych samochod\u00f3w<\/p>\n<p>\u2013 weryfikacje ju\u017c wykonanych opinii technicznych i kosztorys\u00f3w napraw<\/p>\n<p>\u2013 ocen\u0119 stanu technicznego pojazd\u00f3w (np. przed zakupem auta)<\/p>\n<p>\u2013 pomoc techniczno-prawn\u0105<\/p>\n<p><img loading=\"lazy\" decoding=\"async\" class=\"size-large wp-image-701 aligncenter\" src=\"https:\/\/wypadeksamochodowywaustrii.pl\/wp-content\/uploads\/2020\/10\/rzeczoznawca-samochodowy-austrii-wien-54-1024x379.jpg\" alt=\"\" width=\"1024\" height=\"379\">\u2013 inne (na \u017cyczenie Klienta)Dlaczego warto nam zaufa\u0107?25 lat do\u015bwiadczenia Dzia\u0142amy na terenie ca\u0142ej Europy Dzia\u0142amy 24\/7 Fachowa pomoc\t\t<\/p>\n","protected":false},"excerpt":{"rendered":"<p>O NASRzeczoznawca Samochodowy w Austrii Uslugi rzeczoznawcze na terenie Austrii np. w Wiede\u0144,Graz ,Linz ,Salzburg ,Innsbruck ,Tyrol ,Klagenfurt am W\u00f6rthersee ,Villach ,Wels ,Sankt P\u00f6lten &nbsp;Rzeczoznawcy samochodowi dzia\u0142aj\u0105cy w Austrii np. w Wiede\u0144,Graz ,Linz ,Salzburg ,Innsbruck ,Tyrol ,Klagenfurt am W\u00f6rthersee ,Villach ,Wels ,Sankt P\u00f6lten to jedni z kilkudziesi\u0119ciu, niezale\u017cnych ekspert\u00f3w motoryzacyjnych, kt\u00f3rych zrzesza siec rzeczoznawc\u00f3w techniki [&hellip;]<\/p>\n","protected":false},"author":1,"featured_media":0,"parent":0,"menu_order":0,"comment_status":"closed","ping_status":"closed","template":"","meta":{"_et_pb_use_builder":"","_et_pb_old_content":"","_et_gb_content_width":"","pgc_sgb_lightbox_settings":"","footnotes":""},"class_list":["post-79","page","type-page","status-publish","hentry"],"_links":{"self":[{"href":"https:\/\/wypadeksamochodowywaustrii.pl\/index.php\/wp-json\/wp\/v2\/pages\/79","targetHints":{"allow":["GET"]}}],"collection":[{"href":"https:\/\/wypadeksamochodowywaustrii.pl\/index.php\/wp-json\/wp\/v2\/pages"}],"about":[{"href":"https:\/\/wypadeksamochodowywaustrii.pl\/index.php\/wp-json\/wp\/v2\/types\/page"}],"author":[{"embeddable":true,"href":"https:\/\/wypadeksamochodowywaustrii.pl\/index.php\/wp-json\/wp\/v2\/users\/1"}],"replies":[{"embeddable":true,"href":"https:\/\/wypadeksamochodowywaustrii.pl\/index.php\/wp-json\/wp\/v2\/comments?post=79"}],"version-history":[{"count":0,"href":"https:\/\/wypadeksamochodowywaustrii.pl\/index.php\/wp-json\/wp\/v2\/pages\/79\/revisions"}],"wp:attachment":[{"href":"https:\/\/wypadeksamochodowywaustrii.pl\/index.php\/wp-json\/wp\/v2\/media?parent=79"}],"curies":[{"name":"wp","href":"https:\/\/api.w.org\/{rel}","templated":true}]}}